mposite number?
False
Is 331659065 a composite number?
True
Is 5404781 a prime number?
False
Is 1163495 prime?
False
Is 30779907 prime?
False
Is 1062553 a composite number?
True
Is 21975047 a prime number?
True
Is 64679579 composite?
False
Is 15118951 composite?
True
Is 46460499 composite?
True
Is 50088457 a composite number?
True
Is 3390343 composite?
True
Is 690852811 prime?
False
Is 20814943 a composite number?
False
Is 110232635 a composite number?
True
Is 696313 a composite number?
False
Is 1596541 composite?
False
Is 169925593 prime?
True
Is 291508921 a prime number?
False
Is 32595389 a composite number?
True
Is 8831455 a composite number?
True
Is 86676061 prime?
True
Is 27233653 prime?
True
Is 30180791 a prime number?
True
Is 534340657 a composite number?
False
Is 231701999 a composite number?
False
Is 1590881 composite?
True
Is 6613307 composite?
False
Is 10526147 a composite number?
False
Is 3761279 prime?
True
Is 345351 a composite number?
True
Is 811183 a prime number?
True
Is 898489 composite?
True
Is 308965097 a prime number?
False
Is 803722 a composite number?
True
Is 3383629 a prime number?
False
Is 1071197 prime?
True
Is 216952847 prime?
False
Is 88814263 a composite number?
False
Is 15629959 prime?
True
Is 26752487 a prime number?
True
Is 125448707 composite?
False
Is 103830406 a prime number?
False
Is 27396937 composite?
True
Is 69449681 a composite number?
True
Is 7244603 prime?
False
Is 283139741 a prime number?
True
Is 1717223 a composite number?
True
Is 2505337 prime?
True
Is 124885871 prime?
False
Is 276609139 composite?
True
Is 194083 composite?
False
Is 878443 prime?
True
Is 913559 a composite number?
True
Is 6667039 prime?
True
Is 433224679 composite?
False
Is 409121 a composite number?
False
Is 18268487 composite?
False
Is 60796843 a composite number?
True
Is 991261 a composite number?
False
Is 2212471 composite?
False
Is 52474559 a prime number?
True
Is 7484933 composite?
False
Is 39765743 composite?
False
Is 621989239 a composite number?
True
Is 14761937 prime?
True
Is 5045539 composite?
False
Is 489101 a prime number?
True
Is 280856293 prime?
False
Is 26221859 a prime number?
False
Is 3482823 a composite number?
True
Is 1806391 prime?
False
Is 55140703 a prime number?
True
Is 654722389 a composite number?
False
Is 225874729 a prime number?
True
Is 162143 prime?
True
Is 64787377 a prime number?
False
Is 6683645 prime?
False
Is 247233541 prime?
False
Is 25644158 prime?
False
Is 61983893 a composite number?
True
Is 28946363 a prime number?
True
Is 11271107 composite?
False
Is 12122611 prime?
False
Is 30546389 composite?
True
Is 2617435 a prime number?
False
Is 40748493 a composite number?
True
Is 8242483 a prime number?
False
Is 1430983 composite?
True
Is 61236163 prime?
True
Is 11568917 a composite number?
False
Is 195264731 a composite number?
False
Is 10403017 a composite number?
False
Is 19657861 composite?
False
Is 3724031 a prime number?
True
Is 151847581 a prime number?
True
Is 630134147 a prime number?
False
Is 7429963 a composite number?
False
Is 108744697 prime?
True
Is 7075669 a prime number?
False
Is 7417523 composite?
True
Is 109099 a composite number?
True
Is 65014021 composite?
False
Is 16030211 composite?
False
Is 816887 prime?
True
Is 21342959 composite?
True
Is 1351924453 a composite number?
True
Is 4662487 composite?
False
Is 602857159 a prime number?
True
Is 11848339 a composite number?
False
Is 4050499 composite?
False
Is 6758119 a composite number?
True
Is 5247919 a composite number?
False
Is 3191486 a prime number?
False
Is 8814089 a prime number?
True
Is 1443049 composite?
True
Is 171733657 prime?
True
Is 202159565 prime?
False
Is 2450759 a composite number?
False
Is 285352765 a prime number?
False
Is 703531 a prime number?
True
Is 46168301 a prime number?
True
Is 161469181 prime?
True
Is 3341363 prime?
True
Is 85247317 a composite number?
True
Is 16727127 a prime number?
False
Is 157797898 a composite number?
True
Is 210513473 a prime number?
False
Is 25086063 composite?
True
Is 225095719 a prime number?
False
Is 81267101 a composite number?
False
Is 2113491621 a composite number?
True
Is 139732169 a prime number?
False
Is 125403073 composite?
False
Is 495065013 a composite number?
True
Is 1766417 a composite number?
True
Is 133223219 a prime number?
True
Is 84842843 a composite number?
False
Is 625831 a prime number?
True
Is 146250469 composite?
True
Is 1195217 prime?
True
Is 460757 prime?
False
Is 2079919 a prime number?
True
Is 13381367 composite?
True
Is 69507209 a composite number?
False
Is 2361011 composite?
True
Is 13578889 composite?
True
Is 6494627 composite?
False
Is 5060953 a composite number?
False
Is 6292361 a prime number?
True
Is 56872297 a prime number?
True
Is 29161309 prime?
False
Is 109094077 prime?
True
Is 247544383 composite?
False
Is 32863 prime?
False
Is 1347191 a prime number?
True
Is 1690187 composite?
False
Is 2044937 a prime number?
True
Is 37866782 a prime number?
False
Is 48296345 a prime number?
False
Is 30486151 prime?
False
Is 867527 prime?
False
Is 54659489 a prime number?
True
Is 22019 prime?
False
Is 10575931 prime?
True
Is 30310193 composite?
True
Is 1038461 composite?
True
Is 3711817 prime?
True
Is 401969237 composite?
True
Is 196520729 a composite number?
False
Is 23814551 prime?
True
Is 56667203 a prime number?
True
Is 1367283 a composite number?
True
Is 1575187 a composite number?
False
Is 159582091 a composite number?
False
Is 677888561 prime?
False
Is 576414101 a prime number?
True
Is 82259077 a prime number?
True
Is 116091539 prime?
False
Is 8478599 composite?
False
Is 5859571 a prime number?
False
Is 19618883 prime?
True
Is 15061859 a composite number?
False
Is 12072169 composite?
False
Is 244377631 prime?
False
Is 32948849 a composite number?
False
Is 1019687 a prime number?
True
Is 2254715 a composite number?
True
Is 29206811 prime?
True
Is 61300763 composite?
False
Is 87022319 a composite number?
False
Is 1508099 a composite number?
True
Is 48495617 a prime number?
True
Is 14118607 a composite number?
False
Is 76451533 a composite number?
True
Is 27344149 a composite number?
True
Is 699278371 prime?
False
Is 17722069 prime?
False
Is 37382143 a prime number?
False
Is 28650397 composite?
False
Is 4777127 composite?
True
Is 31881665 composite?
True
Is 167757719 a prime number?
True
Is 3275477 a prime number?
False
Is 1159453 a prime number?
False
Is 846671257 composite?
False
Is 6952159 a composite number?
False
Is 23633843 a prime number?
True
Is 645520381 a prime number?
False
Is 105800119 prime?
True
Is 9136613 composite?
False
Is 6209519 a prime number?
False
Is 4160459 a composite number?
False
Is 360541 prime?
True
Is 19519499 composite?
False
Is 23846453 composite?
False
Is 1754167 a prime number?
False
Is 200273 a composite number?
False
Is 88055365 prime?
False
Is 3975329 a prime number?
False
Is 33197 composite?
True
Is 26294617 a composite number?
True
Is 22550527 composite?
False
Is 44165143 prime?
False
Is 1044809 prime?
True
Is 1023389 a composite number?
False
Is 2300829 prime?
False
Is 31796261 a prime number?
False
Is 14902871 prime?
True
Is 933643 a prime number?
True
Is 134860589 prime?
True
Is 495749 prime?
True
Is 12474299 a prime number?
True
Is 225897991 composite?
True
Is 92894573 composite?
False
Is 2395357 composite?
False
Is 1700801 prime?
True
Is 15209149 a prime number?
True
Is 7141417 a prime number?
True
Is 6180139 a prime number?
False
Is 7460231 a prime number?
True
Is 84675953 a composite number?
False
Is 383081189 a prime number?
True
Is 3814873 composite?
True
Is 92897551 composite?
False
Is 18517 a composite number?
False
Is 56050283 a prime number?
True
Is 6472811 composite?
True
Is 5631569 composite?
False
Is 26886047 composite?
True
Is 10747771 prime?
True
Is 798173 composite?
False
Is 649862 a composite number?
True
Is 6701693 a prime number?
True
Is 721261 composite?
False
Is 15996455 prime?
False
Is 616103 a composite number?
False
Is 957662 composite?
True
Is 4687031 a prime number?
True
Is 8115619 composite?
True
Is 587393 a prime number?
False
Is 4163519 composite?
True
Is 8835731 a composite number?
True
Is 48557849 a prime number?
True
Is 71790209 a composite number?
False
Is 239695615 prime?
Fals